{"id":3462,"date":"2015-08-24T09:44:45","date_gmt":"2015-08-24T08:44:45","guid":{"rendered":"http:\/\/www.gloetzner.net\/wordpress\/wp-content\/uploads\/2015\/08\/DSC_0427.jpg"},"modified":"2015-09-19T08:48:45","modified_gmt":"2015-09-19T07:48:45","slug":"dsc_0427-2","status":"inherit","type":"attachment","link":"https:\/\/www.gloetzner.net\/wordpress\/?attachment_id=3462","title":{"rendered":"20150528_DSC_0427"},"author":1,"featured_media":0,"comment_status":"open","ping_status":"open","template":"","meta":[],"class_list":["post-3462","attachment","type-attachment","status-inherit","hentry"],"description":{"rendered":"<p class=\"attachment\"><a href='https:\/\/www.gloetzner.net\/wordpress\/wp-content\/uploads\/2015\/08\/DSC_0427-e1441001523383.jpg'><img loading=\"lazy\" decoding=\"async\" width=\"199\" height=\"300\" src=\"https:\/\/www.gloetzner.net\/wordpress\/wp-content\/uploads\/2015\/08\/DSC_0427-e1441001523383.jpg\" class=\"attachment-medium size-medium\" alt=\"\" \/><\/a><\/p>\n"},"caption":{"rendered":"<p>Cusco: View through door of La Catedral del Cusco. On the left side is  Iglesia de la Compa\u00f1\u00eda de Jes\u00fas<\/p>\n"},"alt_text":"","media_type":"image","mime_type":"image\/jpeg","media_details":{"width":2136,"height":3216,"file":"2015\/08\/DSC_0427-e1441001523383.jpg","sizes":{},"image_meta":{"aperture":"0","credit":"","camera":"","caption":"","created_timestamp":"0","copyright":"","focal_length":"0","iso":"0","shutter_speed":"0","title":"","orientation":"0","keywords":[]}},"post":null,"source_url":"https:\/\/www.gloetzner.net\/wordpress\/wp-content\/uploads\/2015\/08\/DSC_0427-e1441001523383.jpg","filename":"DSC_0427-e1441001523383.jpg","filesize":1152240,"_links":{"self":[{"href":"https:\/\/www.gloetzner.net\/wordpress\/index.php?rest_route=\/wp\/v2\/media\/3462","targetHints":{"allow":["GET"]}}],"collection":[{"href":"https:\/\/www.gloetzner.net\/wordpress\/index.php?rest_route=\/wp\/v2\/media"}],"about":[{"href":"https:\/\/www.gloetzner.net\/wordpress\/index.php?rest_route=\/wp\/v2\/types\/attachment"}],"author":[{"embeddable":true,"href":"https:\/\/www.gloetzner.net\/wordpress\/index.php?rest_route=\/wp\/v2\/users\/1"}],"replies":[{"embeddable":true,"href":"https:\/\/www.gloetzner.net\/wordpress\/index.php?rest_route=%2Fwp%2Fv2%2Fcomments&post=3462"}]}}

<p>Cusco: View through door of La Catedral del Cusco. On the left side is  Iglesia de la Compañía de Jesús</p>
