{"id":3451,"date":"2015-08-24T09:28:17","date_gmt":"2015-08-24T08:28:17","guid":{"rendered":"http:\/\/www.gloetzner.net\/wordpress\/wp-content\/uploads\/2015\/08\/DSC_0408.jpg"},"modified":"2015-08-31T08:29:23","modified_gmt":"2015-08-31T07:29:23","slug":"dsc_0408","status":"inherit","type":"attachment","link":"https:\/\/www.gloetzner.net\/wordpress\/?attachment_id=3451","title":{"rendered":"20150528_DSC_0408"},"author":1,"featured_media":0,"comment_status":"open","ping_status":"open","template":"","meta":[],"class_list":["post-3451","attachment","type-attachment","status-inherit","hentry"],"description":{"rendered":"<p class=\"attachment\"><a href='https:\/\/www.gloetzner.net\/wordpress\/wp-content\/uploads\/2015\/08\/DSC_0408.jpg'><img loading=\"lazy\" decoding=\"async\" width=\"300\" height=\"199\" src=\"https:\/\/www.gloetzner.net\/wordpress\/wp-content\/uploads\/2015\/08\/DSC_0408.jpg\" class=\"attachment-medium size-medium\" alt=\"\" \/><\/a><\/p>\n"},"caption":{"rendered":"<p>Cusco: Iglesia de la Compa\u00f1\u00eda de Jes\u00fas<\/p>\n"},"alt_text":"","media_type":"image","mime_type":"image\/jpeg","media_details":{"width":3216,"height":2136,"file":"2015\/08\/DSC_0408.jpg","sizes":{},"image_meta":{"aperture":"10","credit":"","camera":"NIKON D5000","caption":"","created_timestamp":"1432847253","copyright":"","focal_length":"18","iso":"200","shutter_speed":"0.0025","title":"","orientation":"1","keywords":[]}},"post":null,"source_url":"https:\/\/www.gloetzner.net\/wordpress\/wp-content\/uploads\/2015\/08\/DSC_0408.jpg","filename":"DSC_0408.jpg","filesize":3281269,"_links":{"self":[{"href":"https:\/\/www.gloetzner.net\/wordpress\/index.php?rest_route=\/wp\/v2\/media\/3451","targetHints":{"allow":["GET"]}}],"collection":[{"href":"https:\/\/www.gloetzner.net\/wordpress\/index.php?rest_route=\/wp\/v2\/media"}],"about":[{"href":"https:\/\/www.gloetzner.net\/wordpress\/index.php?rest_route=\/wp\/v2\/types\/attachment"}],"author":[{"embeddable":true,"href":"https:\/\/www.gloetzner.net\/wordpress\/index.php?rest_route=\/wp\/v2\/users\/1"}],"replies":[{"embeddable":true,"href":"https:\/\/www.gloetzner.net\/wordpress\/index.php?rest_route=%2Fwp%2Fv2%2Fcomments&post=3451"}]}}

<p>Cusco: Iglesia de la Compañía de Jesús</p>
